 18?
True
Is 108 a factor of 4868995?
False
Is 2714 a factor of 732468018?
False
Does 62 divide 420463626?
False
Does 12 divide 231895425?
False
Is 8 a factor of 426726984?
True
Is 198192968 a multiple of 900?
False
Does 231 divide 154960575?
True
Is 26 a factor of 333480028?
False
Is 6431275 a multiple of 215?
False
Does 1137 divide 148559283?
True
Does 1455 divide 24485333?
False
Does 195 divide 32313255?
True
Does 25 divide 136121973?
False
Is 17 a factor of 1237587?
False
Does 260 divide 610714653?
False
Does 269 divide 28469346?
True
Is 1170226715 a multiple of 239?
False
Is 1133206799 a multiple of 499?
False
Does 4 divide 8684019?
False
Does 48 divide 875545546?
False
Is 4249 a factor of 202326060?
False
Does 370 divide 329826858?
False
Is 919050 a multiple of 11?
True
Does 12 divide 68347311?
False
Is 160074841 a multiple of 116?
False
Is 23 a factor of 266331931?
False
Is 73672693 a multiple of 73?
False
Is 5900 a factor of 1452469421?
False
Is 2116 a factor of 100192600?
True
Is 48 a factor of 727967760?
True
Is 346 a factor of 359026554?
True
Is 181 a factor of 338008928?
False
Is 46 a factor of 9312713?
False
Is 1198 a factor of 248787046?
False
Is 179 a factor of 468244093?
False
Is 1740956250 a multiple of 5?
True
Is 160597570 a multiple of 14?
True
Is 123153293 a multiple of 11?
False
Does 2577 divide 279734415?
False
Is 1034 a factor of 27404380?
False
Is 2939663254 a multiple of 62?
False
Is 1351745677 a multiple of 689?
False
Does 2198 divide 252047958?
False
Is 87860400 a multiple of 50?
True
Does 1155 divide 76702395?
True
Does 15 divide 30151062?
False
Is 5 a factor of 16330315?
True
Does 1175 divide 284461625?
True
Does 366 divide 15283062?
True
Is 61341340 a multiple of 9?
False
Is 1229330 a multiple of 4?
False
Is 1000 a factor of 176703000?
True
Does 112 divide 6910644?
False
Does 18 divide 152395056?
True
Does 952 divide 184406387?
False
Does 12 divide 11047188?
True
Is 2099 a factor of 2039705349?
True
Is 106438914 a multiple of 9?
True
Is 33 a factor of 2712369?
True
Is 5391440 a multiple of 95?
True
Is 59 a factor of 850665363?
True
Is 322509086 a multiple of 8?
False
Is 32962872 a multiple of 631?
False
Is 169293306 a multiple of 247?
True
Does 111 divide 156509667?
True
Is 157222436 a multiple of 386?
False
Is 67689368 a multiple of 52?
False
Is 699 a factor of 121788867?
True
Is 11 a factor of 155923748?
False
Does 2680 divide 1152550080?
True
Does 372 divide 22823688?
True
Does 285 divide 856018?
False
Does 1484 divide 97684312?
False
Is 11 a factor of 17230477?
True
Does 122 divide 59337157?
False
Is 1830 a factor of 132321810?
True
Does 59 divide 19154289?
False
Does 10 divide 21481883?
False
Does 3 divide 112189115?
False
Does 401 divide 16332329?
True
Is 1230507252 a multiple of 9?
True
Is 8 a factor of 170861104?
True
Is 21 a factor of 116341008?
True
Is 89 a factor of 1064031799?
False
Does 36 divide 660717255?
False
Does 262 divide 20129198?
True
Is 52039262 a multiple of 202?
False
Is 18 a factor of 335920723?
False
Is 315574250 a multiple of 5245?
False
Is 535 a factor of 3074296539?
False
Does 1218 divide 106025682?
True
Is 1864 a factor of 155526568?
True
Does 7 divide 2161404?
True
Does 24 divide 377203848?
True
Is 2 a factor of 2029249?
False
Is 11 a factor of 21134935?
False
Does 3937 divide 161300640?
False
Is 3695 a factor of 278433325?
False
Is 25984700 a multiple of 196?
True
Is 284113857 a multiple of 41?
False
Is 920 a factor of 85008200?
False
Does 1262 divide 15642490?
True
Is 456 a factor of 6535080?
False
Is 262438533 a multiple of 973?
True
Does 4 divide 526309871?
False
Does 2035 divide 20243566?
False
Does 42 divide 556369674?
True
Is 73057822 a multiple of 3?
False
Is 39 a factor of 29842878?
True
Is 275784652 a multiple of 572?
True
Does 36 divide 50023980?
True
Is 4582 a factor of 140273348?
True
Is 1151774667 a multiple of 459?
True
Does 29 divide 1534767464?
True
Is 62 a factor of 306156?
True
Is 1534915302 a multiple of 79?
False
Is 3 a factor of 4938833?
False
Is 411 a factor of 1060294055?
False
Is 1002 a factor of 217754578?
False
Is 3646500 a multiple of 22?
True
Is 167285340 a multiple of 58?
True
Is 237803757 a multiple of 175?
False
Is 626371901 a multiple of 205?
False
Is 421 a factor of 3073724497?
False
Is 4 a factor of 5503064?
True
Is 24 a factor of 184923864?
True
Does 324 divide 1111239000?
True
Is 1311255764 a multiple of 29?
True
Does 42 divide 5778370?
False
Is 957 a factor of 139810265?
False
Is 178 a factor of 7435943?
False
Is 660460812 a multiple of 6052?
True
Does 736 divide 227875557?
False
Is 2810 a factor of 145080300?
True
Is 4415416190 a multiple of 160?
False
Is 141 a factor of 28918506?
False
Is 7852164 a multiple of 4?
True
Does 193 divide 2217847727?
True
Is 250403072 a multiple of 48?
False
Is 314410258 a multiple of 14?
False
Is 372 a factor of 335807385?
False
Is 2 a factor of 5806185?
False
Does 192 divide 33397987?
False
Is 41303631 a multiple of 43?
False
Does 1650 divide 76652483?
False
Does 194 divide 97294556?
False
Is 144 a factor of 12746736?
True
Does 2894 divide 1303492328?
True
Does 2424 divide 93639122?
False
Is 1851466650 a multiple of 33?
True
Is 60 a factor of 474060?
True
Is 7 a factor of 8248535?
False
Does 2591 divide 3948508047?
False
Is 1360922382 a multiple of 69?
False
Is 17991253 a multiple of 2675?
False
Is 22 a factor of 45852400?
True
Does 75 divide 6263658549?
False
Is 128 a factor of 4738392958?
False
Does 297 divide 23372118?
True
Is 1957 a factor of 376865056?
False
Is 318822907 a multiple of 4?
False
Does 2020 divide 1985126071?
False
Does 5 divide 10347196?
False
Does 122 divide 144356326?
False
Is 58917096 a multiple of 29?
True
Is 637 a factor of 123056297?
True
Does 15 divide 434137005?
True
Does 470 divide 29915249?
False
Does 6 divide 65701382?
False
Does 792 divide 137051085?
False
Does 7 divide 1874485648?
True
Is 252922353 a multiple of 875?
False
Does 363 divide 32527341?
True
Is 28550816 a multiple of 5?
False
Is 41027290 a multiple of 170?
True
Is 175715035 a multiple of 232?
False
Does 28 divide 123996572?
True
Is 241 a factor of 14334680?
True
Does 48 divide 240619952?
False
Is 361 a factor of 1539589971?
False
Is 295 a factor of 19322205?
True
Does 729 divide 6823519?
False
Is 17 a factor of 244174978?
True
Does 1848 divide 736102752?
True
Does 165 divide 1211884067?
False
Is 10106225 a multiple of 5322?
False
Is 27 a factor of 136295892?
True
Is 4850 a factor of 138195900?
True
Is 263659629 a multiple of 2?
False
Is 41 a factor of 62638262?
False
Is 2671 a factor of 109052407?
False
Is 1574614868 a multiple of 34?
True
Is 2159720329 a multiple of 13?
True
Is 4317641911 a multiple of 12?
False
Is 35 a factor of 1209456255?
True
Is 589 a factor of 2414026472?
False
Is 318132542 a multiple of 14?
True
Does 994 divide 19066908?
True
Is 1681 a factor of 612794485?
False
Is 2807 a factor of 799827428?
False
Does 225 divide 88744411?
False
Does 470 divide 16362580?
True
Is 44551314 a multiple of 38?
True
Does 2130 divide 807632708?
False
Is 8382047 a multiple of 8?
False
Does 1412 divide 546219492?
True
Is 128047724 a multiple of 7?
True
Is 271183978 a multiple of 59?
False
Does 2864 divide 425223228?
False
Is 49 a factor of 119093079?
True
Does 1917 divide 498607866?
True
Is 150 a factor of 385201245?
False
Does 3858 divide 211728434?
False
Does 289 divide 5259944789?
True
Is 34336071 a multiple of 384?
False
Is 9 a factor of 18388944?
True
Does 1668 divide 39738221?
False
Is 199138614 a multiple of 2857?
True
Is 25 a factor of 94709696?
False
Is 3513 a factor of 230863733?
False
Does 443 divide 20493411?
False
Is 414506473 a multiple of 538?
False
Is 870 a factor of 91866719?
False
Is 174 a factor of 1451092314?
True
Does 156 divide 68574780?
False
Is 3 a factor of 120124007?
False
Is 544 a factor of 96912165?
False
Is 1039 a factor of 20892454?
False
Is 101088172 a multiple of 212?
True
Is 9217941 a multiple of 48?
False
Is 10493340 a multiple of 660?
True
Is 248 a factor of 54614572?
False
Does 99 divide 64206252?
True
Is 2731626 a multiple of 7?
False
Is 123 a factor of 7243593?
True
Is 87 a factor of 21580713?
False
Is 2330 a factor of 91047080?
True
Is 44 a factor of 1891040?
False
Does 368 div